he prime factors of ((-595)/(-20))/(2/(-8))*-163?
7, 17, 163
Let h(w) = 9765*w**2 + 57*w - 2. List the prime factors of h(-1).
2, 23, 211
Suppose 2*s + 4*s + 972 = 0. Let w be s/(-30) + 2/(-5) + 0. Suppose -4*r + j - 6*j = -248, -5*j = w*r - 310. List the prime factors of r.
2, 31
Let f = -6531 - -3706. Let r = f + 4805. List the prime factors of r.
2, 3, 5, 11
Let i(l) = 15*l - 11. Let z be (-1 + 4)*(5/3 - 0). Suppose 0 = -3*n + 15, -85 = -z*s + 3*n - 8*n. What are the prime factors of i(s)?
13
Let p be (-81)/18 - 1/(-2). Let r be 4/p - 1 - -4. List the prime factors of (0 + r)/(-8) + (-850)/(-8).
2, 53
List the prime factors of (-41410)/(-8) + (-4)/16.
2, 647
Suppose 290 = -6*j + 2402. Suppose 8*m = 12*m - j. Suppose -m + 54 = -2*h. What are the prime factors of h?
17
Suppose 12*y - 17*y = -5*n + 32805, 5*y + 15 = 0. What are the prime factors of n?
2, 3, 1093
Let o = 4135 - 1871. Suppose 11*p - 19*p + o = 0. List the prime factors of p.
283
Let d(k) = -34*k - 2. Suppose -5*b + 22 = 8*y - 9*y, 0 = -4*b + 5*y + 26. Suppose -2*m = b*m + 42. What are the prime factors of d(m)?
2, 59
Suppose 3 = 3*u - 36. Suppose 0 = 10*j - u*j - 207. Let n = 152 + j. What are the prime factors of n?
83
Let n = 35005 - 5923. List the prime factors of n.
2, 3, 37, 131
Suppose 3*h + 35*k - 87592 = 31*k, -2*h + 58398 = k. List the prime factors of h.
2, 5, 73
Suppose -39*i + 27*i = -24. Suppose -3*o + 342 - 1254 = -4*j, i*o + 916 = 4*j. What are the prime factors of j?
3, 7, 11
Let p(z) = 2*z**2 + 3 + 22*z - 15 - 20. List the prime factors of p(10).
2, 97
What are the prime factors of (-4)/102 + 60329000/12444?
2, 3, 101
Suppose -5*k = -11 - 39. List the prime factors of (140 - -3)*k/10.
11, 13
Suppose o + q - 14468 = 0, -5*o - 4*q + 29602 = -42734. List the prime factors of o.
2, 113
Let j(w) = w**2 - 4*w - 38. Let k be j(9). Let c(s) = s**3 - 4*s**2 - 4*s + 16. Let m be c(k). Let r = m - 74. List the prime factors of r.
61
Let a = 52875 + -29106. List the prime factors of a.
3, 19, 139
Let x(o) be the second derivative of -o**4/12 + 19*o**3/6 - 21*o**2/2 - 5*o + 2. Let p be x(18). What are the prime factors of (-2440)/(5 - p)*(-8)/10?
2, 61
Suppose 14 - 10 = -y. List the prime factors of 8/y*(-441)/6.
3, 7
What are the prime factors of 1/38*19*117388?
2, 29347
Let q be (-7356)/(-54) + 6/(-27). Suppose 18*j = -q + 9280. List the prime factors of j.
2, 127
Let l(p) = -105*p - 37. Let h be l(-14). Suppose -20*a + h = 313. List the prime factors of a.
2, 7
What are the prime factors of (-4*3)/(-3) - (24 + -3449)?
3, 127
Let j(f) = 60*f**3 + f**2 - 60*f - 19. List the prime factors of j(7).
2, 3, 5, 673
Let t = 3466 + -1313. List the prime factors of t.
2153
Suppose 0*k - 3*k - 261 = 0. Let z(i) = i**2 - 26*i + 112. Let f be z(15). Let r = f - k. What are the prime factors of r?
2, 17
Let z(l) = 0 - 2 - 2 - 2*l. Suppose 3*s + 15 = -3*k, -2*k - 24*s - 9 = -23*s. List the prime factors of z(k).
2
Suppose -d + 6 = -2*n, 5*n + 4*d - 3*d + 29 = 0. Let p be (-4)/(-6) - n/15. What are the prime factors of ((0 - p) + 0)*-13?
13
Suppose 22*t + 3679 = b + 19*t, 3*t = 4*b - 14698. List the prime factors of b.
3673
Let f(k) = 1261*k**3 + 357*k**2 - 11*k + 17. What are the prime factors of f(4)?
86389
Let r(v) = v**2 + 2*v - 1. Let o be r(-3). Suppose -3*l + 19 = -3*n - l, 0 = -n - l + o. Let t(s) = s**2 - 3*s - 16. List the prime factors of t(n).
2
What are the prime factors of ((-1195008)/(-960))/((-3)/(-60))?
2, 389
Let b be 445*(-3 + 6 + (-2)/1). Let q = -51 + b. List the prime factors of q.
2, 197
Let w = 3879 - -10958. What are the prime factors of w?
37, 401
Let j(q) = -22*q + 140. Suppose -66 = -340*l + 346*l. List the prime factors of j(l).
2, 191
List the prime factors of (4 + 12 - 2597)*-7.
7, 29, 89
Suppose 5*f - 2*o + 155 = 3*o, 3*f - 4*o = -90. Let n be 6/14 + f/14. What are the prime factors of ((-2)/(-6))/(n/(-126))?
3, 7
Let q(u) = u**3 + 2*u**2 + 4*u + 4. Let b be q(-2). Let r be 187/(-77) - b/(-7). What are the prime factors of r - ((-9)/2)/((-3)/(-112))?
3, 5, 11
Let b = -276 + 280. What are the prime factors of (-1630)/(-2) + 0 + (b - 6)?
3, 271
Let l(d) = -17*d - 197. Let n be l(-19). What are the prime factors of 9986/12 - 7*3/n?
2, 13
Let v be (-6 - -32)*((-9)/6 + -3). Suppose 0 = -3*s - 4*z + 18, 0*s = -s + 3*z - 7. Let a = s - v. List the prime factors of a.
7, 17
Let k(p) = 470*p**3 + 2*p**2 - 5*p + 5. Let f be k(1). Let h = 537 + f. What are the prime factors of h?
1009
Suppose 5*l + h = 57877, -11579 = -l - 44*h + 42*h. List the prime factors of l.
5, 463
Suppose -219*a + 224*a - 15 = 0. Suppose 0 = -a*g - t + 3313, -g - 3*t = -267 - 848. What are the prime factors of g?
1103
Suppose -21*z = -98176 + 32656. What are the prime factors of z?
2, 3, 5, 13
Let u = 15540 + 6508. List the prime factors of u.
2, 13, 53
Let m(b) = 141*b - 9. Let z be m(1). Suppose -4*i = i + 5*d - 690, -d - z = -i. List the prime factors of i.
3, 5
Let y = 296 + -301. Let j(q) = -4*q**3 - 6*q**2 + 26. What are the prime factors of j(y)?
2, 47
Let o(k) = 12*k + 62. Let y be o(-5). Suppose -y = 4*v - 2*v - 2*j, 4*j = 2*v + 6. What are the prime factors of (1420/30)/(v/3)?
2, 71
Suppose -10*b + 20 = -5*b. Suppose p - 381 = -2*y, 5*y - 1544 = -b*p + y. List the prime factors of p.
17, 23
Let n = -32112 - -85806. List the prime factors of n.
2, 3, 19, 157
Suppose 604 = -10*c + 504. Let d(v) = 10*v**2 - 20*v - 78. What are the prime factors of d(c)?
2, 3, 11, 17
Let t(m) = 287*m**2 - 225*m - 1730. What are the prime factors of t(-8)?
2, 3, 7, 439
Let n = -143 + 138. Let q(a) = -a**2 - 2*a + 6. Let i be q(n). What are the prime factors of (-1920)/i - (-26)/39?
2, 107
Let v(z) = 3*z**2 + 25*z - 36. Suppose -35*h = -11*h - 192. List the prime factors of v(h).
2, 89
What are the prime factors of 20948 - (2/(-4) - 2/4)?
3, 6983
What are the prime factors of (6 + -12)/(54/(-88092))?
2, 2447
Suppose 41*u - 12*u = 164749. List the prime factors of u.
13, 19, 23
Let z(f) = 53*f + 76. Let s be z(-10). Let k = -22 - s. List the prime factors of k.
2, 3
Let m(w) = 459*w**3 + 6*w**2 - 50*w + 227. What are the prime factors of m(5)?
2, 28751
Suppose 3*b + 476 = k - 8361, -2*b + 17674 = 2*k. What are the prime factors of k?
8837
Suppose -129*m + 1538013 - 120412 = -45646. List the prime factors of m.
3, 19, 199
Let i(s) = -26*s + s**3 - 4 + 1 + 0*s**2 + 5*s**2 + 29*s. Let c be i(-3). Suppose -c*q + 3*q + 69 = 0. What are the prime factors of q?
23
Suppose -176 = 2*o - 6*o. Let f = -974 - -976. Suppose -f*q + 6*q = o. What are the prime factors of q?
11
Let i(p) = -469*p + 2746. What are the prime factors of i(-20)?
2, 3, 43, 47
Let r be 4*(-1 + 604/16). Let c(y) = 3*y**2 - 21*y + 15. Let u be c(6). List the prime factors of r - ((u - -3) + -1).
2, 37
Suppose -17*r = -12*r - 2*i - 178117, -5*i + 142520 = 4*r. List the prime factors of r.
3, 5, 19
Let f = -52 - -36. Let b(j) = -j**2 + 227*j + 920. Let n be b(-4). What are the prime factors of (-251)/n - 4/f?
3, 7
Let y = -20 + 22. Suppose f = -q + y - 0, -q + 4*f = 23. Let h(j) = -53*j - 18. What are the prime factors of h(q)?
3, 47
Let m(l) = 57*l + 99. Let u(n) = -8*n - 14. Let f(q) = 2*m(q) + 15*u(q). Suppose -40*z - 28*z + 77*z = -189. What are the prime factors of f(z)?
2, 3, 19
Suppose 0 = a - 4*n - 8098 - 22258, 5*a - 151666 = n. List the prime factors of a.
2, 7583
Suppose -p = 4*p - 290. Let k be 1 + 0 + (32 - -6). Let o = p - k. List the prime factors of o.
19
Suppose 13 = 5*q + 3. Suppose 0 = q*h + 10 - 16. What are the prime factors of 33*2 + -2 - h?
61
Suppose v = 36 + 2. Let y = v - 28. Suppose -o + 61 = y. What are the prime factors of o?
3, 17
Let h(r) be the first derivative of -r**3/3 + 5*r**2 - 15*r - 3. Let y be h(10). Let u(q) = -q**2 - 22*q - 22. What are the prime factors of u(y)?
83
Let f = -492 + 500. List the prime factors of f/6*(-5)/(40/(-2454)).
409
What are the prime factors of (0 - -376)/((-23)/(2760/(-16)))?
2, 3, 5, 47
Suppose 2*v - u - 7 - 17 = 0, -5*u = 2*v. What are the prime factors of (-114)/(-190)*362*v/4?
3, 181
Suppose 254*o - 6294185 = 5299391. What are the prime factors of o?
2, 11411
Let d = 49589 + -34181. List the prime factors of d.
2, 3, 107
Let b = -6 + 33. Let q = b - 19. Suppose -v + 603 = q*v. 